{"id":143,"date":"2025-02-16T23:22:19","date_gmt":"2025-02-16T22:22:19","guid":{"rendered":"https:\/\/svtasset.fr\/?page_id=143"},"modified":"2025-07-02T16:13:30","modified_gmt":"2025-07-02T14:13:30","slug":"genetique-et-evolution","status":"publish","type":"page","link":"https:\/\/svtasset.fr\/index.php\/genetique-et-evolution\/","title":{"rendered":"GENETIQUE ET EVOLUTION"},"content":{"rendered":"\n<div class=\"wp-block-cover is-light\"><span aria-hidden=\"true\" class=\"wp-block-cover__background has-background-dim\" style=\"background-color:#FFF\"><\/span><div class=\"wp-block-cover__inner-container has-global-padding is-layout-constrained wp-block-cover-is-layout-constrained\">\n<p class=\"has-text-align-center has-large-font-size\"><mark style=\"background-color:rgba(0, 0, 0, 0);color:#c90808\" class=\"has-inline-color\">Chapitre : L&rsquo;origine du g\u00e9notype des individus<\/mark><\/p>\n\n\n\n<p><a href=\"https:\/\/drive.google.com\/file\/d\/1tLcWDnRELv3MF255y2KkTp_dAHuZqNWE\/view?usp=drive_link\">1a &#8211; Rappels de la mitose et de la m\u00e9iose<\/a><\/p>\n\n\n\n<p><a href=\"https:\/\/drive.google.com\/file\/d\/1tvLZ8UpkZ6QmQCxtI_hlKmfSYIN6Rijl\/view?usp=drive_link\">1b &#8211; Sch\u00e9ma du cycle de d\u00e9veloppement de l&rsquo;Homme<\/a><\/p>\n\n\n\n<p><a href=\"https:\/\/learningapps.org\/view13259618\">1d &#8211; Learning Apps : Les \u00e9tapes de la m\u00e9iose<\/a><\/p>\n\n\n\n<p><a href=\"https:\/\/learningapps.org\/view6860577\">1e &#8211; Learning Apps : comparaison mitose\/m\u00e9iose<\/a><\/p>\n\n\n\n<p><a href=\"https:\/\/drive.google.com\/file\/d\/1nAZe0WE_tkVkkSo-Hipradzme5yMGVT5\/view?usp=drive_link\">2 &#8211; Exercices d&rsquo;application des conventions d&rsquo;\u00e9criture<\/a><\/p>\n\n\n\n<p><a href=\"https:\/\/drive.google.com\/drive\/folders\/1omqFUQwu2WVwbDvayQ2CyNLHut5cEHIT?usp=drive_link\">4 &#8211; TP sur les g\u00e8nes ind\u00e9pendants<\/a><\/p>\n\n\n\n<p><a href=\"https:\/\/drive.google.com\/file\/d\/1RuGsekwVIG0cgR7gCoCgPs29WSDED08L\/view?usp=drive_link\">Photographie de la plaque du TP g\u00e8ne ind\u00e9pendant<\/a><\/p>\n\n\n\n<p><a href=\"https:\/\/drive.google.com\/drive\/folders\/1ciCQCReljdYDAVjm5VOHk6uwGu8EI8nW?usp=drive_link\">5 &#8211; TP sur les g\u00e8nes li\u00e9s<\/a><\/p>\n\n\n\n<p><a href=\"https:\/\/drive.google.com\/file\/d\/1lTdvfTqVyGio3_LO3gFh_M3SfExbTE_M\/view?usp=drive_link\">Photographie de la plaque g\u00e8ne li\u00e9<\/a><\/p>\n\n\n\n<p><a href=\"https:\/\/drive.google.com\/file\/d\/1ywXbY7aFe3oDyRv-jmE5z2qyOsFyQOJq\/view?usp=drive_link\">6 &#8211; Agencement particulier (crossing-over)<\/a><\/p>\n\n\n\n<p><a href=\"https:\/\/drive.google.com\/file\/d\/1ljSA8PnqM-sPlqMR4thTTG1RjEhpqwwy\/view?usp=drive_link\">7 &#8211; TP sur l&rsquo;h\u00e9r\u00e9dit\u00e9 li\u00e9e au sexe<\/a><\/p>\n\n\n\n<p><a href=\"https:\/\/drive.google.com\/file\/d\/13jPEMhA7hZNg9lswcMlWihSSUOirm8--\/view?usp=drive_link\">Photographie de la plaque h\u00e9r\u00e9dit\u00e9 li\u00e9e au sexe<\/a><\/p>\n\n\n\n<p><a href=\"https:\/\/drive.google.com\/file\/d\/1B9aDuZnzFdDlf0SREghRpi9BWCOzRgR4\/view?usp=drive_link\">8 &#8211; Nombre de g\u00e8nes h\u00e9t\u00e9rozygotes chez un individu<\/a><\/p>\n\n\n\n<p><a href=\"https:\/\/drive.google.com\/file\/d\/1Ki8Y6JAy23hPW5986NYgGbk2YTqfiogD\/view?usp=drive_link\">9a &#8211; DM f\u00e9condation et amplification de la diversit\u00e9 g\u00e9n\u00e9tique<\/a><\/p>\n\n\n\n<p><a href=\"https:\/\/drive.google.com\/file\/d\/1gt55Kpr_gGGv8sOUHeLM4pzaOAJx4Bb1\/view?usp=drive_link\">9b &#8211; Vid\u00e9o sur la f\u00e9condation (aide DM)<\/a><\/p>\n\n\n\n<p><a href=\"https:\/\/drive.google.com\/file\/d\/1tNfLAB6YS3j89aP4BneHEkhwjbtuaq3z\/view?usp=drive_link\">11 &#8211; Analyses g\u00e9n\u00e9tiques dans l&rsquo;esp\u00e8ces humaine<\/a><\/p>\n\n\n\n<p><a href=\"https:\/\/view.genially.com\/5c66af657d15495764dde7e5\">12 &#8211; Les anomalies de la m\u00e9iose<\/a><\/p>\n\n\n\n<p><a href=\"https:\/\/drive.google.com\/file\/d\/1BdjOpvEm0hTSiYag5DXj9a9RhxoY8vgi\/view?usp=drive_link\">13 &#8211; Famille multig\u00e9nique et diversification du g\u00e9nome<\/a><\/p>\n\n\n\n<p><a href=\"https:\/\/drive.google.com\/file\/d\/1leJDZwGNT_IuiNnLzCO0xeErzbpSbOCK\/view?usp=drive_link\">14 &#8211; Cons\u00e9quences des mutations au sein d&rsquo;un clone<\/a><\/p>\n\n\n\n<p><a href=\"https:\/\/drive.google.com\/file\/d\/1aulT_zLdOR5L3DGUNGuyQDyjB7D6e3u7\/view?usp=drive_link\">15 &#8211; Exercices suppl\u00e9mentaires de g\u00e9n\u00e9tiques<\/a><\/p>\n\n\n\n<p><\/p>\n\n\n\n<p><strong><em><a href=\"https:\/\/drive.google.com\/drive\/folders\/1z53PfAxCGToQxYNROAEZcdGj6AnPdSf2?usp=drive_link\"><mark style=\"background-color:rgba(0, 0, 0, 0);color:#4e1275\" class=\"has-inline-color\">CORRECTION DES TP<\/mark><\/a><\/em><\/strong><\/p>\n<\/div><\/div>\n\n\n\n<div class=\"wp-block-cover is-light\" style=\"min-height:281px;aspect-ratio:unset;\"><span aria-hidden=\"true\" class=\"wp-block-cover__background has-background-dim\" style=\"background-color:#FFF\"><\/span><div class=\"wp-block-cover__inner-container has-global-padding is-layout-constrained wp-block-cover-is-layout-constrained\">\n<p class=\"has-text-align-center has-large-font-size\"><mark style=\"background-color:rgba(0, 0, 0, 0);color:#c90808\" class=\"has-inline-color\">Chapitre : La complexification des g\u00e9nomes<\/mark><\/p>\n\n\n\n<p><a href=\"https:\/\/drive.google.com\/file\/d\/19EmSnee4X3nLtBBuHKwzlSOjZgBRoyDU\/view?usp=drive_link\">Consignes pour le passage \u00e0 l&rsquo;oral<\/a><\/p>\n\n\n\n<p><a href=\"https:\/\/drive.google.com\/file\/d\/1rJhEE7WmT17GrY4D9H-Y_ANazgwwj9Zz\/view?usp=drive_link\">Ressources sur la diversification des \u00eatres vivants par des m\u00e9canismes autres que les mutations et la reproduction sexu\u00e9e<\/a><\/p>\n\n\n\n<p><a href=\"https:\/\/drive.google.com\/file\/d\/1b6D8fOkE_U5NdOEgRtAu7PFvfTwoehBK\/view?usp=drive_link\">TP transfert d&rsquo;un g\u00e8ne chez Elysia<\/a><\/p>\n\n\n\n<p><a href=\"https:\/\/drive.google.com\/drive\/folders\/1rDu5RxlK2JGKHbUL6t-eotZpck9U_Myt?usp=drive_link\">Fichier Geniegen2<\/a><\/p>\n\n\n\n<p><\/p>\n\n\n\n<p><em><strong><a href=\"https:\/\/drive.google.com\/drive\/folders\/1elHwh7tTa7RbpEnKWZ1ft_vP2e44FuP0?usp=drive_link\"><mark style=\"background-color:rgba(0, 0, 0, 0);color:#4e1275\" class=\"has-inline-color\">CORRECTION DES TP<\/mark><\/a><\/strong><\/em><\/p>\n\n\n\n<p><strong><em><a href=\"https:\/\/drive.google.com\/drive\/folders\/194eI0n1ngnFqWUh1G6Fa0NgXr_6SgaRT?usp=sharing\"><mark style=\"background-color:rgba(0, 0, 0, 0);color:#100cdd\" class=\"has-inline-color\">ACCES AU COURS<\/mark><\/a><\/em><\/strong><\/p>\n<\/div><\/div>\n\n\n\n<div class=\"wp-block-cover is-light\" style=\"min-height:281px;aspect-ratio:unset;\"><span aria-hidden=\"true\" class=\"wp-block-cover__background has-background-dim\" style=\"background-color:#FFF\"><\/span><div class=\"wp-block-cover__inner-container has-global-padding is-layout-constrained wp-block-cover-is-layout-constrained\">\n<p class=\"has-text-align-center has-large-font-size\"><mark style=\"background-color:rgba(0, 0, 0, 0);color:#c90808\" class=\"has-inline-color\">Chapitre : L&rsquo;\u00e9volution des g\u00e9nomes au sein des populations<\/mark><\/p>\n\n\n\n<p><a href=\"https:\/\/drive.google.com\/file\/d\/1oAtNpscT-FD9cle7DJ_UVPobE9xTlm9z\/view?usp=drive_link\">1 &#8211; Le mod\u00e8le de Hardy-Weinberg<\/a><\/p>\n\n\n\n<p><a href=\"https:\/\/drive.google.com\/file\/d\/19oC9U24r43Loj8ldBh3SY29C-IyWMtZ6\/view?usp=drive_link\">2 &#8211; Les forces \u00e9volutives \u00e0 l&rsquo;origine de l&rsquo;\u00e9cart HW<\/a><\/p>\n\n\n\n<p><a href=\"https:\/\/drive.google.com\/file\/d\/1L712zE-_8XMnemkIXUEO0E0in89aekaG\/view?usp=drive_link\">3 &#8211; Les m\u00e9canismes de la sp\u00e9ciation<\/a><\/p>\n\n\n\n<p><\/p>\n\n\n\n<p><em><strong><a href=\"https:\/\/drive.google.com\/drive\/folders\/1zTtbccgDCXGQf_1jyoUPc20XFsbCgKbI?usp=drive_link\"><mark style=\"background-color:rgba(0, 0, 0, 0);color:#4e1275\" class=\"has-inline-color\">CORRECTION DES TP<\/mark><\/a><\/strong><\/em><\/p>\n\n\n\n<p><strong><em><a href=\"https:\/\/drive.google.com\/drive\/folders\/1PBI-dwKozpJXCO7h6ExMR3yc0LQRWihT?usp=drive_link\"><mark style=\"background-color:rgba(0, 0, 0, 0);color:#100cdd\" class=\"has-inline-color\">ACCES AU COURS<\/mark><\/a><\/em><\/strong><\/p>\n<\/div><\/div>\n\n\n\n<div class=\"wp-block-cover is-light\" style=\"min-height:281px;aspect-ratio:unset;\"><span aria-hidden=\"true\" class=\"wp-block-cover__background has-background-dim\" style=\"background-color:#FFF\"><\/span><div class=\"wp-block-cover__inner-container has-global-padding is-layout-constrained wp-block-cover-is-layout-constrained\">\n<p class=\"has-text-align-center has-large-font-size\"><mark style=\"background-color:rgba(0, 0, 0, 0);color:#c90808\" class=\"has-inline-color\">Chapitre : Les autres m\u00e9canismes de diversification du vivant<\/mark><\/p>\n\n\n\n<p><a href=\"https:\/\/drive.google.com\/file\/d\/1ztWJFBaPjDrdssThION6TcBTayZ8q_e2\/view?usp=drive_link\">Vid\u00e9o sur les autres m\u00e9canismes de diversification du vivant<\/a><\/p>\n\n\n\n<p><a href=\"https:\/\/docs.google.com\/document\/d\/1MVnOoHoRDPWL3c3V4WgWpRfxDQgxo4lD\/edit?usp=drive_link&amp;ouid=114615461440811808075&amp;rtpof=true&amp;sd=true\">Exercice sur les autres m\u00e9canismes de diversification du vivant<\/a><\/p>\n\n\n\n<p><\/p>\n\n\n\n<p><strong><em><a href=\"https:\/\/drive.google.com\/drive\/folders\/1cP3RFBYdBvgjhMYkfHNWmeB57bK2XNKH?usp=drive_link\"><mark style=\"background-color:rgba(0, 0, 0, 0);color:#100cdd\" class=\"has-inline-color\">ACCES AU COURS<\/mark><\/a><\/em><\/strong><\/p>\n<\/div><\/div>\n","protected":false},"excerpt":{"rendered":"","protected":false},"author":1,"featured_media":0,"parent":0,"menu_order":0,"comment_status":"closed","ping_status":"closed","template":"","meta":{"footnotes":""},"class_list":["post-143","page","type-page","status-publish","hentry"],"_links":{"self":[{"href":"https:\/\/svtasset.fr\/index.php\/wp-json\/wp\/v2\/pages\/143","targetHints":{"allow":["GET"]}}],"collection":[{"href":"https:\/\/svtasset.fr\/index.php\/wp-json\/wp\/v2\/pages"}],"about":[{"href":"https:\/\/svtasset.fr\/index.php\/wp-json\/wp\/v2\/types\/page"}],"author":[{"embeddable":true,"href":"https:\/\/svtasset.fr\/index.php\/wp-json\/wp\/v2\/users\/1"}],"replies":[{"embeddable":true,"href":"https:\/\/svtasset.fr\/index.php\/wp-json\/wp\/v2\/comments?post=143"}],"version-history":[{"count":13,"href":"https:\/\/svtasset.fr\/index.php\/wp-json\/wp\/v2\/pages\/143\/revisions"}],"predecessor-version":[{"id":321,"href":"https:\/\/svtasset.fr\/index.php\/wp-json\/wp\/v2\/pages\/143\/revisions\/321"}],"wp:attachment":[{"href":"https:\/\/svtasset.fr\/index.php\/wp-json\/wp\/v2\/media?parent=143"}],"curies":[{"name":"wp","href":"https:\/\/api.w.org\/{rel}","templated":true}]}}