{"id":250,"date":"2025-07-01T11:06:33","date_gmt":"2025-07-01T09:06:33","guid":{"rendered":"https:\/\/svtasset.fr\/?page_id=250"},"modified":"2025-07-01T14:29:08","modified_gmt":"2025-07-01T12:29:08","slug":"partie-i-transmissionvariation-et-expression-du-patrimoine-genetique-partie-1","status":"publish","type":"page","link":"https:\/\/svtasset.fr\/index.php\/partie-i-transmissionvariation-et-expression-du-patrimoine-genetique-partie-1\/","title":{"rendered":"PARTIE I : TRANSMISSION,VARIATION ET EXPRESSION DU PATRIMOINE GENETIQUE (Partie 1)"},"content":{"rendered":"\n<div class=\"wp-block-cover is-light\"><span aria-hidden=\"true\" class=\"wp-block-cover__background has-background-dim\" style=\"background-color:#FFF\"><\/span><div class=\"wp-block-cover__inner-container has-global-padding is-layout-constrained wp-block-cover-is-layout-constrained\">\n<p class=\"has-text-align-center has-large-font-size\"><mark style=\"background-color:rgba(0, 0, 0, 0);color:#c90808\" class=\"has-inline-color\">Chapitre : La transmission du patrimoine g\u00e9n\u00e9tique chez les eucaryotes<\/mark><\/p>\n\n\n\n<p><a href=\"https:\/\/drive.google.com\/file\/d\/1_9cll3wNNuhKfvHHckEdtotgLalKlJAB\/view?usp=drive_link\">1a &#8211; Les diff\u00e9rentes \u00e9chelles en g\u00e9n\u00e9tique<\/a><\/p>\n\n\n\n<p><a href=\"https:\/\/drive.google.com\/file\/d\/17jgDngM-1ZXpo1vrbaz4BT_TTRo8ig21\/view?usp=drive_link\">1b &#8211; Mots crois\u00e9s sur les d\u00e9finitions de g\u00e9n\u00e9tique<\/a><\/p>\n\n\n\n<p><a href=\"https:\/\/drive.google.com\/file\/d\/1-KPqkqmVSyRXFXg5fd2WHQpG9zwnR6l0\/view?usp=drive_link\">1c &#8211; Questionnaire rappels de g\u00e9n\u00e9tique de seconde<\/a><\/p>\n\n\n\n<p><a href=\"https:\/\/drive.google.com\/file\/d\/1JJfw2-ujYEeJUd967PWySiBYlfTF-DQL\/view?usp=drive_link\">1d &#8211; Vid\u00e9o du chromosome \u00e0 l&rsquo;ADN<\/a><\/p>\n\n\n\n<p><a href=\"https:\/\/drive.google.com\/file\/d\/1Low7kFi7mSCfWexLBHwwoQauf039HhgM\/view?usp=drive_link\">2a &#8211; Etude du cycle cellulaire<\/a><\/p>\n\n\n\n<p><a href=\"https:\/\/drive.google.com\/file\/d\/16WkHuIlQfNPty268Dtdy3nrQuvLKtQ2R\/view?usp=drive_link\">2b &#8211; Document r\u00e9ponse sur le cycle cellulaire<\/a><\/p>\n\n\n\n<p>3 &#8211; TP Etude de la mitose : <\/p>\n\n\n\n<figure class=\"wp-block-table is-style-regular\"><table class=\"has-fixed-layout\"><tbody><tr><td class=\"has-text-align-center\" data-align=\"center\"><strong>\u00a0Consignes et documents \u00e0 compl\u00e9ter<\/strong><\/td><td class=\"has-text-align-center\" data-align=\"center\"><strong>\u00a0Ressources (aides)<\/strong><\/td><\/tr><tr><td class=\"has-text-align-center\" data-align=\"center\"><a href=\"https:\/\/drive.google.com\/file\/d\/1hiyJ5ZYVY2tMiII952f5gWudw8EA6M0_\/view?usp=drive_link\"><mark style=\"background-color:rgba(0, 0, 0, 0)\" class=\"has-inline-color has-foreground-color\">\u00a0TP Etude de la mitose <\/mark><\/a><\/td><td class=\"has-text-align-center\" data-align=\"center\"><a href=\"https:\/\/drive.google.com\/file\/d\/1aOQzclf2ibXDyHvy5ZxXvxiUX8zFrn2D\/view?usp=drive_link\">Animation sur la mitose<\/a><\/td><\/tr><tr><td class=\"has-text-align-center\" data-align=\"center\"><a href=\"https:\/\/www.viasvt.vivelessvt.com\/test-mitose\/test-mitose.html\">Test sur la mitose\u00a0<\/a><\/td><td class=\"has-text-align-center\" data-align=\"center\"><a href=\"https:\/\/drive.google.com\/file\/d\/1dii8n0zsptcIZXQToAj1-w1WMwDOVT2i\/view?usp=drive_link\">Vid\u00e9o du d\u00e9roulement d&rsquo;une mitose\u00a0<\/a><\/td><\/tr><tr><td class=\"has-text-align-center\" data-align=\"center\"><\/td><td class=\"has-text-align-center\" data-align=\"center\"><a href=\"https:\/\/docs.google.com\/presentation\/d\/1DXikhdSkxSJ4RxaVnpfUjb1m8rLZxvkC\/edit?usp=drive_link&amp;ouid=114615461440811808075&amp;rtpof=true&amp;sd=true\">Diaporama des \u00e9tapes de la mitose<\/a><\/td><\/tr><tr><td class=\"has-text-align-center\" data-align=\"center\"><\/td><td class=\"has-text-align-center\" data-align=\"center\"><a href=\"https:\/\/drive.google.com\/file\/d\/15fy8F3D4iMulX_K92PIVaYhSEFIg0kI-\/view?usp=drive_link\">Exemple de mod\u00e9lisation des chromoso<mark style=\"background-color:#679bec\" class=\"has-inline-color\">mes<\/mark><\/a><\/td><\/tr><\/tbody><\/table><\/figure>\n\n\n\n<p><\/p>\n\n\n\n<p><a href=\"https:\/\/drive.google.com\/file\/d\/1ovsuQIBKIkole9qIPLmfF8akgwRGtYDU\/view?usp=drive_link\">4 &#8211; Exercice sur la mitose<\/a><\/p>\n\n\n\n<p><a href=\"https:\/\/drive.google.com\/file\/d\/197t-ET9HjOQcv2j5oQJwoq9fExxLabcv\/view?usp=drive_link\">5a &#8211; TP Mod\u00e8les de la r\u00e9plication<\/a><\/p>\n\n\n\n<p><a href=\"https:\/\/drive.google.com\/file\/d\/1e11px1GpxF0HeNFTVZ8GwhUjO1TOKvl3\/view?usp=drive_link\">5b &#8211; Animation sur la r\u00e9plication<\/a><\/p>\n\n\n\n<p><a href=\"https:\/\/drive.google.com\/file\/d\/1WCnU1Oq0HYvcl_K3DxYyoMKzLBdNcV2q\/view?usp=drive_link\">5c &#8211; Document r\u00e9ponse sur la r\u00e9plication<\/a><\/p>\n\n\n\n<p><a href=\"https:\/\/drive.google.com\/file\/d\/1UUZlkNC--A1GYNI0DkiLboek6QsgoyPS\/view?usp=drive_link\">6 &#8211; Exercice sur la r\u00e9plication<\/a><\/p>\n\n\n\n<p><a href=\"https:\/\/view.genially.com\/5db03f1652bfd10f7297f3a4\">7a &#8211; TP Cons\u00e9quences des mutations aux UV<\/a><\/p>\n\n\n\n<p><a href=\"https:\/\/drive.google.com\/file\/d\/1KJNcKZXknTcaHiVjOg1sczyVxyIUJ4Yw\/view?usp=drive_link\">7b &#8211; Vid\u00e9o de la manipulation du TP<\/a><\/p>\n\n\n\n<p><a href=\"https:\/\/drive.google.com\/drive\/folders\/1ol1owpPoZgh103JFSrBoSgnmsMgLkhsX?usp=drive_link\">7c &#8211; Documents de secours du TP<\/a><\/p>\n\n\n\n<p><a href=\"https:\/\/drive.google.com\/file\/d\/1bniOehu7Lrhd5a0-8eOyvq7_09EpMIR3\/view?usp=drive_link\">8 &#8211; Origine des erreurs lors de la r\u00e9plication<\/a><\/p>\n\n\n\n<p><a href=\"https:\/\/drive.google.com\/file\/d\/1H_HhQyrvkETPLWnyzvwfigZluoRo_-38\/view?usp=drive_link\">9 &#8211; Devenirs des mutations<\/a><\/p>\n\n\n\n<p>10 &#8211; TP Etude de la m\u00e9iose : <\/p>\n\n\n\n<figure class=\"wp-block-table\"><table class=\"has-fixed-layout\"><tbody><tr><td class=\"has-text-align-center\" data-align=\"center\"><strong>&nbsp;Consignes et documents \u00e0 compl\u00e9ter<\/strong><\/td><td class=\"has-text-align-center\" data-align=\"center\"><strong>&nbsp;Ressources (aides)<\/strong><\/td><\/tr><tr><td class=\"has-text-align-center\" data-align=\"center\"><a href=\"https:\/\/drive.google.com\/file\/d\/1fmQXOCQ5TT4LTVEaPMBI-DhmmmNnxz2s\/view?usp=drive_link\">\u00a0TP Etude de la m\u00e9iose Etape A<\/a><\/td><td class=\"has-text-align-center\" data-align=\"center\"><a href=\"https:\/\/drive.google.com\/file\/d\/1XsM87-oJfXm07ODiEpcgMVcaTNCC015G\/view?usp=drive_link\">Animation sur la m\u00e9iose<\/a><\/td><\/tr><tr><td class=\"has-text-align-center\" data-align=\"center\"><a href=\"https:\/\/drive.google.com\/file\/d\/1xlUFewLO-7d2jQQTViud7sUtbBUivUUU\/view?usp=drive_link\">TP Etude de la m\u00e9iose Etape B<\/a><\/td><td class=\"has-text-align-center\" data-align=\"center\"><a href=\"https:\/\/drive.google.com\/file\/d\/19DBmmcoC0E5mGsyi7HBm9NjEXkg_zXBc\/view?usp=drive_link\">Vid\u00e9o du d\u00e9roulement d&rsquo;une m\u00e9iose<\/a><\/td><\/tr><tr><td class=\"has-text-align-center\" data-align=\"center\"><a href=\"https:\/\/www.viasvt.vivelessvt.com\/test-meiose\/test-meiose.html\">Test sur la m\u00e9iose<\/a><\/td><td class=\"has-text-align-center\" data-align=\"center\"><a href=\"https:\/\/drive.google.com\/file\/d\/1-gmW6vK-GiO0DGeoYn9Hc-DcBW3_dz91\/view?usp=drive_link\">Document des \u00e9tapes de la m\u00e9iose<\/a><\/td><\/tr><tr><td class=\"has-text-align-center\" data-align=\"center\"><a href=\"https:\/\/drive.google.com\/file\/d\/1qgD4nhkMC3iz1h7mS5g6ZmlGbViUlLLu\/view?usp=drive_link\">Tableau des \u00e9tapes de la m\u00e9iose \u00e0 compl\u00e9ter<\/a><\/td><td class=\"has-text-align-center\" data-align=\"center\"><a href=\"https:\/\/drive.google.com\/file\/d\/1h4zudJPKpHuTpChEHsGuHB0QnotLrUlo\/view?usp=drive_link\">Aide pour retrouver les phases de la m\u00e9iose<\/a><\/td><\/tr><\/tbody><\/table><\/figure>\n<\/div><\/div>\n\n\n\n<div class=\"wp-block-cover is-light\"><span aria-hidden=\"true\" class=\"wp-block-cover__background has-background-dim\" style=\"background-color:#FFF\"><\/span><div class=\"wp-block-cover__inner-container has-global-padding is-layout-constrained wp-block-cover-is-layout-constrained\">\n<p class=\"has-text-align-center has-large-font-size\"><mark style=\"background-color:rgba(0, 0, 0, 0);color:#c90808\" class=\"has-inline-color\">Chapitre : L&rsquo;expression du patrimoine g\u00e9n\u00e9tique<\/mark><\/p>\n\n\n\n<p><a href=\"https:\/\/view.genially.com\/5e9d8eb29f55700daa5c7c51\">1 &#8211; Introduction sur l&rsquo;expression du patrimoine g\u00e9n\u00e9tique<\/a><\/p>\n\n\n\n<p><a href=\"https:\/\/drive.google.com\/file\/d\/1RE5j3xL4covoDGhVUlmpenUiHdEisKxN\/view?usp=drive_link\">2a &#8211; DM Exp\u00e9rience de Beadle et Tatum<\/a><\/p>\n\n\n\n<p><a href=\"https:\/\/drive.google.com\/file\/d\/1mpsVj1i05UsR2rj30JLStEhH0LPYYzEm\/view?usp=drive_link\">2b &#8211; Recherche de relations entre les prot\u00e9ines et l&rsquo;ADN<\/a><\/p>\n\n\n\n<p><a href=\"https:\/\/drive.google.com\/file\/d\/1xT-PKUgS3pDoXmy0CR1fnKHHXNocPK5g\/view?usp=drive_link\">3 &#8211; Localisation de l&rsquo;ARN<\/a><\/p>\n\n\n\n<p><a href=\"https:\/\/drive.google.com\/file\/d\/1tA34GxMm0lVYwq2BT2eWF19CX44OdKKI\/view?usp=drive_link\">4 &#8211; Comparaison ADN\/ARN<\/a><\/p>\n\n\n\n<p>5 &#8211; TP sur la transcription : <\/p>\n\n\n\n<figure class=\"wp-block-table\"><table class=\"has-fixed-layout\"><tbody><tr><td class=\"has-text-align-center\" data-align=\"center\"><strong>&nbsp;Consignes et documents \u00e0 compl\u00e9ter<\/strong><\/td><td class=\"has-text-align-center\" data-align=\"center\"><strong>&nbsp;Ressources (aides)<\/strong><\/td><\/tr><tr><td class=\"has-text-align-center\" data-align=\"center\"><a href=\"https:\/\/drive.google.com\/file\/d\/1XJdox7tMxryj72qzk5u1bTEtc2U9DHp9\/view?usp=drive_link\">\u00a0TP transcription<\/a><\/td><td class=\"has-text-align-center\" data-align=\"center\"><a href=\"https:\/\/drive.google.com\/file\/d\/19eBblmSxqzHCl66Fwg7PHVruy5-4grku\/view?usp=drive_link\">Animation sur la transcription n\u00b01<\/a><\/td><\/tr><tr><td class=\"has-text-align-center\" data-align=\"center\"><\/td><td class=\"has-text-align-center\" data-align=\"center\"><a href=\"https:\/\/drive.google.com\/file\/d\/1b7IgfQv28u5AHCKrFGAlp0afp4QpkZy0\/view?usp=drive_link\">Animation sur la transcription n\u00b02<\/a><\/td><\/tr><\/tbody><\/table><\/figure>\n\n\n\n<p><\/p>\n\n\n\n<p><a href=\"https:\/\/drive.google.com\/file\/d\/1ZWVM6CEfWvvIn5sWPS4pXy0_G53uUqvz\/view?usp=drive_link\">6 &#8211; D\u00e9couverte du code g\u00e9n\u00e9tique<\/a><\/p>\n\n\n\n<p>7 &#8211; TP sur la traduction : <\/p>\n\n\n\n<figure class=\"wp-block-table\"><table class=\"has-fixed-layout\"><tbody><tr><td class=\"has-text-align-center\" data-align=\"center\"><strong>Consignes et documents \u00e0 compl\u00e9ter<\/strong><\/td><td class=\"has-text-align-center\" data-align=\"center\"><strong>&nbsp;Ressources (aides)<\/strong><\/td><\/tr><tr><td class=\"has-text-align-center\" data-align=\"center\"><a href=\"https:\/\/drive.google.com\/file\/d\/1nnZA1dzhJiRi-mONA2HmihVdXh2GCYw_\/view?usp=drive_link\">\u00a0TP traduction<\/a><\/td><td class=\"has-text-align-center\" data-align=\"center\"><a href=\"https:\/\/drive.google.com\/file\/d\/1xcFnsVX4lEZDPNVYDdvgJPZGielL5iBx\/view?usp=drive_link\">Animation sur la traduction<\/a><\/td><\/tr><\/tbody><\/table><\/figure>\n\n\n\n<p><\/p>\n\n\n\n<p><a href=\"https:\/\/drive.google.com\/file\/d\/1Xu5xsBwyELX8JblAVnRm3k_g_O7cGaSn\/view?usp=drive_link\">8 &#8211; Un g\u00e9nome individuel, des ph\u00e9notypes diff\u00e9rents<\/a><\/p>\n\n\n\n<p><a href=\"https:\/\/drive.google.com\/file\/d\/11SH8Ol1xhadVI_phRNNb5jYhQDqk2tuT\/view?usp=drive_link\">Exercice sur la traduction<\/a><\/p>\n\n\n\n<p><\/p>\n<\/div><\/div>\n","protected":false},"excerpt":{"rendered":"","protected":false},"author":1,"featured_media":0,"parent":0,"menu_order":0,"comment_status":"closed","ping_status":"closed","template":"","meta":{"footnotes":""},"class_list":["post-250","page","type-page","status-publish","hentry"],"_links":{"self":[{"href":"https:\/\/svtasset.fr\/index.php\/wp-json\/wp\/v2\/pages\/250","targetHints":{"allow":["GET"]}}],"collection":[{"href":"https:\/\/svtasset.fr\/index.php\/wp-json\/wp\/v2\/pages"}],"about":[{"href":"https:\/\/svtasset.fr\/index.php\/wp-json\/wp\/v2\/types\/page"}],"author":[{"embeddable":true,"href":"https:\/\/svtasset.fr\/index.php\/wp-json\/wp\/v2\/users\/1"}],"replies":[{"embeddable":true,"href":"https:\/\/svtasset.fr\/index.php\/wp-json\/wp\/v2\/comments?post=250"}],"version-history":[{"count":7,"href":"https:\/\/svtasset.fr\/index.php\/wp-json\/wp\/v2\/pages\/250\/revisions"}],"predecessor-version":[{"id":276,"href":"https:\/\/svtasset.fr\/index.php\/wp-json\/wp\/v2\/pages\/250\/revisions\/276"}],"wp:attachment":[{"href":"https:\/\/svtasset.fr\/index.php\/wp-json\/wp\/v2\/media?parent=250"}],"curies":[{"name":"wp","href":"https:\/\/api.w.org\/{rel}","templated":true}]}}