{"id":252,"date":"2025-07-01T14:46:18","date_gmt":"2025-07-01T12:46:18","guid":{"rendered":"https:\/\/svtasset.fr\/?page_id=252"},"modified":"2025-07-01T17:14:23","modified_gmt":"2025-07-01T15:14:23","slug":"partie-ii-le-fonctionnement-du-systeme-immunitaire-humain","status":"publish","type":"page","link":"https:\/\/svtasset.fr\/index.php\/partie-ii-le-fonctionnement-du-systeme-immunitaire-humain\/","title":{"rendered":"PARTIE II : LE FONCTIONNEMENT DU SYSTEME IMMUNITAIRE HUMAIN"},"content":{"rendered":"\n<div class=\"wp-block-cover is-light\"><span aria-hidden=\"true\" class=\"wp-block-cover__background has-background-dim\" style=\"background-color:#FFF\"><\/span><div class=\"wp-block-cover__inner-container has-global-padding is-layout-constrained wp-block-cover-is-layout-constrained\">\n<p class=\"has-text-align-center has-large-font-size\"><mark style=\"background-color:rgba(0, 0, 0, 0);color:#c90808\" class=\"has-inline-color\">Chapitre : La r\u00e9action inflammatoire, un exemple de r\u00e9ponse inn\u00e9e<\/mark><\/p>\n\n\n\n<p><a href=\"https:\/\/drive.google.com\/file\/d\/1PzBtdV82ElP_YI2kKYhUjnC1a1ucyVwz\/view?usp=drive_link\">1 &#8211; Documents d&rsquo;introduction<\/a><\/p>\n\n\n\n<p><a href=\"https:\/\/view.genially.com\/5ea9445fac73420d83b801f9\">2 &#8211; Enqu\u00eate sur la mort de Mr Corleone<\/a><\/p>\n\n\n\n<p><a href=\"https:\/\/drive.google.com\/file\/d\/1CnlsfzLGf6Ag1qZWezpF3a0Vlw5OGujv\/view?usp=drive_link\">3a &#8211; Animation sur la phagocytose<\/a><\/p>\n\n\n\n<p><a href=\"https:\/\/drive.google.com\/file\/d\/1_gx55kVUwNPOh4VenemKmrOE59egxp9C\/view?usp=drive_link\">3b &#8211; Vid\u00e9o sur le d\u00e9roulement de la phagocytose<\/a><\/p>\n\n\n\n<p><a href=\"https:\/\/drive.google.com\/file\/d\/1IP7nSD6wcPstlCN_q13FygMn6sOYtjoC\/view?usp=drive_link\">4 &#8211; Mode d&rsquo;action des m\u00e9dicaments anti-inflammatoires<\/a><\/p>\n\n\n\n<p><a href=\"https:\/\/drive.google.com\/file\/d\/1RwBpOZ8xGse4E0KLvvx16uzNLNWugFYx\/view?usp=drive_link\">Vid\u00e9o sur la r\u00e9action inflammatoire<\/a><\/p>\n\n\n\n<p><a href=\"https:\/\/drive.google.com\/file\/d\/1rnllku1rA0Ccs6uz-AKlHhkVg-8QO1oU\/view?usp=drive_link\">QCM immunit\u00e9 inn\u00e9e et pollution<\/a><\/p>\n<\/div><\/div>\n\n\n\n<div class=\"wp-block-cover is-light\"><span aria-hidden=\"true\" class=\"wp-block-cover__background has-background-dim\" style=\"background-color:#FFF\"><\/span><div class=\"wp-block-cover__inner-container has-global-padding is-layout-constrained wp-block-cover-is-layout-constrained\">\n<p class=\"has-text-align-center has-large-font-size\"><mark style=\"background-color:rgba(0, 0, 0, 0);color:#c90808\" class=\"has-inline-color\">Chapitre : L\u2019immunit\u00e9 adaptative\u00a0: prolongement de l\u2019immunit\u00e9 inn\u00e9e<\/mark><\/p>\n\n\n\n<p><a href=\"https:\/\/drive.google.com\/file\/d\/1aKuWIUxG0P6Agrxc28QgjTsIRE8Kj68K\/view?usp=drive_link\">1 &#8211; Vid\u00e9o de la formation d&rsquo;une CPA<\/a><\/p>\n\n\n\n<p><a href=\"https:\/\/drive.google.com\/file\/d\/13kkRJMcFP8QA69lT9u6Q0Tj45O74mPFk\/view?usp=drive_link\">2 &#8211; Les acteurs de la RIA<\/a><\/p>\n\n\n\n<p>3 &#8211; Enqu\u00eate \u00ab\u00a0Epid\u00e9mie au lyc\u00e9e\u00a0\u00bb : <\/p>\n\n\n\n<figure class=\"wp-block-table\"><table class=\"has-fixed-layout\"><tbody><tr><td class=\"has-text-align-center\" data-align=\"center\"><strong>&nbsp;Consignes et documents \u00e0 compl\u00e9ter<\/strong><\/td><td class=\"has-text-align-center\" data-align=\"center\"><strong>&nbsp;Ressources (aides)<\/strong><\/td><\/tr><tr><td class=\"has-text-align-center\" data-align=\"center\"><a href=\"https:\/\/drive.google.com\/file\/d\/1m7OW6l1SYbnazIGqE3jOL-ISZ1bxxxU9\/view?usp=drive_link\">Mise en situation et consigne g\u00e9n\u00e9rale<\/a><\/td><td class=\"has-text-align-center\" data-align=\"center\"><a href=\"https:\/\/drive.google.com\/file\/d\/1hX-HQF4q3imaiWjXBzUUoerkLGID713f\/view?usp=drive_link\">Documents de d\u00e9part<\/a><\/td><\/tr><tr><td class=\"has-text-align-center\" data-align=\"center\"><a href=\"https:\/\/drive.google.com\/file\/d\/1PR4L9Q2EVoZq8aSmr3j3XoCyUqQXLZYq\/view?usp=drive_link\">Sch\u00e9ma de l&rsquo;anticorps \u00e0 compl\u00e9ter<\/a><\/td><td class=\"has-text-align-center\" data-align=\"center\"><a href=\"https:\/\/drive.google.com\/file\/d\/1nnq8GqiHIKddpaIfY4DPpsXUWFONQDVS\/view?usp=drive_link\">Protocole et exploitation du TP Ouchterlony<\/a><\/td><\/tr><tr><td class=\"has-text-align-center\" data-align=\"center\"><a href=\"https:\/\/drive.google.com\/file\/d\/1zlD71qYAeMx1mYVfx_s04dD2H14j499G\/view?usp=drive_link\">Sch\u00e9ma du complexe immun \u00e0 compl\u00e9ter<\/a><\/td><td class=\"has-text-align-center\" data-align=\"center\"><a href=\"https:\/\/drive.google.com\/file\/d\/1OJ5RYIeD7VwTmtH6pklRzcy6tLhCRW3z\/view?usp=drive_link\">Vid\u00e9o de la manipulation du TP Outcherlony<\/a><\/td><\/tr><tr><td class=\"has-text-align-center\" data-align=\"center\">\ufeff<\/td><td class=\"has-text-align-center\" data-align=\"center\"><a href=\"https:\/\/drive.google.com\/file\/d\/1VuKyQlGqNKlIlpQULizgMm4DpmZPtCAJ\/view?usp=drive_link\">Noms des survivants<\/a><\/td><\/tr><tr><td class=\"has-text-align-center\" data-align=\"center\"><\/td><td class=\"has-text-align-center\" data-align=\"center\"><a href=\"https:\/\/drive.google.com\/file\/d\/1z9lJrjECLrQS9AG_7rnWnuCrzdFSus_X\/view?usp=drive_link\">Protocole Libmol et Genigen2 (2\u00e8me s\u00e9ance)<\/a><\/td><\/tr><\/tbody><\/table><\/figure>\n\n\n\n<p><\/p>\n\n\n\n<p><a href=\"https:\/\/view.genially.com\/5d398727f44c860f4843e641\">4 &#8211; D\u00e9couverte du mode d&rsquo;action des diff\u00e9rents lymphocytes<\/a><\/p>\n<\/div><\/div>\n\n\n\n<div class=\"wp-block-cover is-light\"><span aria-hidden=\"true\" class=\"wp-block-cover__background has-background-dim\" style=\"background-color:#FFF\"><\/span><div class=\"wp-block-cover__inner-container has-global-padding is-layout-constrained wp-block-cover-is-layout-constrained\">\n<p class=\"has-text-align-center has-large-font-size\"><mark style=\"background-color:rgba(0, 0, 0, 0);color:#c90808\" class=\"has-inline-color\">Chapitre : L\u2019utilisation de l&rsquo;immunit\u00e9 adaptative en sant\u00e9 humaine<\/mark><\/p>\n\n\n\n<p><a href=\"https:\/\/drive.google.com\/file\/d\/1ujHpcP3qM-NjDZpmecsRtuJoi9l3ZCYE\/view?usp=drive_link\">1 &#8211; Variation naturelle du ph\u00e9notype immunitaire<\/a><\/p>\n\n\n\n<p><a href=\"https:\/\/drive.google.com\/file\/d\/1GcbuEnroK7SzSqiIxf69soEedopCDCEI\/view?usp=drive_link\">2a &#8211; La m\u00e9moire immunitaire<\/a><\/p>\n\n\n\n<p><a href=\"https:\/\/drive.google.com\/file\/d\/15dsx4jMOEwtp-z8EMwcV9nDCa4EN3MMp\/view?usp=drive_link\">2b &#8211; Vid\u00e9o sur la m\u00e9moire immunitaire<\/a><\/p>\n\n\n\n<p><a href=\"https:\/\/drive.google.com\/file\/d\/1hDhq4v3btxlZdz7ZELT2QAuEvNtm3K0z\/view?usp=drive_link\">3 &#8211; Mise en \u00e9vidence du principe de la vaccination<\/a><\/p>\n\n\n\n<p>4 &#8211; TP sur le principe du test ELISA :<\/p>\n\n\n\n<figure class=\"wp-block-table\"><table class=\"has-fixed-layout\"><tbody><tr><td class=\"has-text-align-center\" data-align=\"center\"><strong>&nbsp;Consignes et documents \u00e0 compl\u00e9ter<\/strong><\/td><td class=\"has-text-align-center\" data-align=\"center\"><strong>&nbsp;Ressources (aides)<\/strong><\/td><\/tr><tr><td class=\"has-text-align-center\" data-align=\"center\"><a href=\"https:\/\/drive.google.com\/file\/d\/1PtufLOZnRHY3d9qceQciSVZWhiqkr7Io\/view?usp=drive_link\">TP ELISA<\/a><\/td><td class=\"has-text-align-center\" data-align=\"center\"><a href=\"https:\/\/drive.google.com\/file\/d\/1FUab5HzNoGQ-7luAg1QgLtGgDY_73aaK\/view?usp=drive_link\">Principe du test ELISA<\/a><\/td><\/tr><tr><td class=\"has-text-align-center\" data-align=\"center\"><\/td><td class=\"has-text-align-center\" data-align=\"center\"><a href=\"https:\/\/drive.google.com\/file\/d\/1PZ3ZadhxaJ1wpMYEDL4tBGsU4J8OkZqP\/view?usp=drive_link\">Sch\u00e9matisation des mol\u00e9cules du test ELISA<\/a><\/td><\/tr><tr><td class=\"has-text-align-center\" data-align=\"center\"><\/td><td class=\"has-text-align-center\" data-align=\"center\"><a href=\"https:\/\/drive.google.com\/file\/d\/1_U0rdWcfIH60gZQZXMQsvTGvaI_syja5\/view?usp=drive_link\">Vid\u00e9o de la manipulation du TP ELISA<\/a><\/td><\/tr><\/tbody><\/table><\/figure>\n\n\n\n<p><\/p>\n\n\n\n<p><a href=\"https:\/\/drive.google.com\/file\/d\/1iWyBXz_F515UOeZdDIsr5dgAxK9xQYpb\/view?usp=drive_link\">5 &#8211; R\u00f4les des adjuvants dans les vaccins<\/a><\/p>\n\n\n\n<p><a href=\"https:\/\/drive.google.com\/file\/d\/1YfWjaAq1eg7Bi1yj3CZ5tLacJ2LHNDpH\/view?usp=drive_link\">6 &#8211; Se vacciner pour soi et pour les autres<\/a><\/p>\n\n\n\n<p><a href=\"https:\/\/drive.google.com\/file\/d\/1QdwftrSDe3-BjEENwIfLqfGWvnbQFvO3\/view?usp=drive_link\">7 &#8211; Vid\u00e9o sur les vaccins<\/a><\/p>\n\n\n\n<p><a href=\"https:\/\/drive.google.com\/file\/d\/1D1OEbWSuuM7qrvCb-wgZvCkInESw_fFx\/view?usp=drive_link\">8 &#8211; Immunoth\u00e9rapie et lutte contre les cancers<\/a><\/p>\n<\/div><\/div>\n","protected":false},"excerpt":{"rendered":"","protected":false},"author":1,"featured_media":0,"parent":0,"menu_order":0,"comment_status":"closed","ping_status":"closed","template":"","meta":{"footnotes":""},"class_list":["post-252","page","type-page","status-publish","hentry"],"_links":{"self":[{"href":"https:\/\/svtasset.fr\/index.php\/wp-json\/wp\/v2\/pages\/252","targetHints":{"allow":["GET"]}}],"collection":[{"href":"https:\/\/svtasset.fr\/index.php\/wp-json\/wp\/v2\/pages"}],"about":[{"href":"https:\/\/svtasset.fr\/index.php\/wp-json\/wp\/v2\/types\/page"}],"author":[{"embeddable":true,"href":"https:\/\/svtasset.fr\/index.php\/wp-json\/wp\/v2\/users\/1"}],"replies":[{"embeddable":true,"href":"https:\/\/svtasset.fr\/index.php\/wp-json\/wp\/v2\/comments?post=252"}],"version-history":[{"count":8,"href":"https:\/\/svtasset.fr\/index.php\/wp-json\/wp\/v2\/pages\/252\/revisions"}],"predecessor-version":[{"id":284,"href":"https:\/\/svtasset.fr\/index.php\/wp-json\/wp\/v2\/pages\/252\/revisions\/284"}],"wp:attachment":[{"href":"https:\/\/svtasset.fr\/index.php\/wp-json\/wp\/v2\/media?parent=252"}],"curies":[{"name":"wp","href":"https:\/\/api.w.org\/{rel}","templated":true}]}}