{"id":65,"date":"2025-02-16T16:51:40","date_gmt":"2025-02-16T15:51:40","guid":{"rendered":"http:\/\/svtasset.fr\/?page_id=65"},"modified":"2025-07-29T10:37:44","modified_gmt":"2025-07-29T08:37:44","slug":"de-la-plante-sauvage-a-la-plante-domestiquee","status":"publish","type":"page","link":"https:\/\/svtasset.fr\/index.php\/de-la-plante-sauvage-a-la-plante-domestiquee\/","title":{"rendered":"DE LA PLANTE SAUVAGE A LA PLANTE DOMESTIQUEE"},"content":{"rendered":"\n<div class=\"wp-block-cover is-light\"><span aria-hidden=\"true\" class=\"wp-block-cover__background has-background-dim\" style=\"background-color:#FFF\"><\/span><div class=\"wp-block-cover__inner-container has-global-padding is-layout-constrained wp-block-cover-is-layout-constrained\">\n<p><\/p>\n\n\n\n<figure class=\"wp-block-table\"><table class=\"has-fixed-layout\"><tbody><tr><td class=\"has-text-align-center\" data-align=\"center\" colspan=\"2\"><a href=\"https:\/\/drive.google.com\/file\/d\/1zeryJDPSWDXBzUI4LA7vZpRVdZx9d34I\/view?usp=drive_link\"><strong><mark style=\"background-color:rgba(0, 0, 0, 0);color:#b30505\" class=\"has-inline-color\">1 &#8211; PLAN DE TRAVAIL ET LISTE DES ARGUMENTS <\/mark><br><\/strong><\/a><a href=\"https:\/\/drive.google.com\/file\/d\/1wRQ36jOfbKkbQ6UwqDhAOlkrcHob4Ybg\/view?usp=sharing\"><strong><mark style=\"background-color:rgba(0, 0, 0, 0);color:#994824\" class=\"has-inline-color\">2 &#8211; NOTIONS DU THEME<\/mark><\/strong><\/a><\/td><\/tr><tr><td class=\"has-text-align-center\" data-align=\"center\"><strong><mark style=\"background-color:rgba(0, 0, 0, 0);color:#094c07\" class=\"has-inline-color\">3 &#8211; RESSOURCES DE DOCUMENTS DU THEME<\/mark><\/strong><\/td><td class=\"has-text-align-center\" data-align=\"center\"><strong><mark style=\"background-color:rgba(0, 0, 0, 0);color:#7a0be9\" class=\"has-inline-color\">4 &#8211; FICHES D&rsquo;ARGUMENTS A REMPLIR<\/mark><\/strong><\/td><\/tr><tr><td class=\"has-text-align-center\" data-align=\"center\" rowspan=\"3\"><a href=\"https:\/\/drive.google.com\/file\/d\/12RvJK8AQozGT8vFpWmSTeGxM6aoLI2E7\/view?usp=drive_link\"><mark style=\"background-color:rgba(0, 0, 0, 0);color:#094c07\" class=\"has-inline-color\"><strong>RESSOURCES sur les feuilles<\/strong><\/mark><br><\/a><mark style=\"background-color:rgba(0, 0, 0, 0);color:#094c07\" class=\"has-inline-color\"><strong><br><\/strong><\/mark><a href=\"https:\/\/drive.google.com\/file\/d\/1VP_Fj_tJAqQKirV6-qVtM1C07GWMUVXM\/view?usp=drive_link\"><mark style=\"background-color:rgba(0, 0, 0, 0);color:#094c07\" class=\"has-inline-color\"><strong> RESSOURCES sur les fleurs et les fruits <\/strong><\/mark><br><\/a><br><strong><a href=\"https:\/\/drive.google.com\/file\/d\/172DKdEu1n-6yIu1b23hBXFI4lDIuqm4H\/view?usp=drive_link\"><mark style=\"background-color:rgba(0, 0, 0, 0);color:#094c07\" class=\"has-inline-color\">RESSOURCES sur les organes souterrains<\/mark><\/a><br><\/strong><br><strong><a href=\"https:\/\/drive.google.com\/file\/d\/1qFDWFF2-gdFDhmB5fouKrwBW6Bd9iXQq\/view?usp=drive_link\"><mark style=\"background-color:rgba(0, 0, 0, 0);color:#094c07\" class=\"has-inline-color\">RESSOURCES sur les tiges<\/mark><\/a><\/strong><\/td><td class=\"has-text-align-center\" data-align=\"center\"><a href=\"https:\/\/docs.google.com\/document\/d\/1veOFgf4RapmiDUPsvd8saKKtjVsJKIDE\/edit?usp=sharing&amp;ouid=114615461440811808075&amp;rtpof=true&amp;sd=true\"><strong><mark style=\"background-color:rgba(0, 0, 0, 0);color:#7a0be9\" class=\"has-inline-color\">Fiche d&rsquo;argument sur la reproduction des plantes<\/mark><\/strong><\/a><\/td><\/tr><tr><td class=\"has-text-align-center\" data-align=\"center\"><a href=\"https:\/\/docs.google.com\/document\/d\/1fULYMgUXkYRfnv14Lv6s49jNaZM5rQVF\/edit?usp=drive_link&amp;ouid=114615461440811808075&amp;rtpof=true&amp;sd=true\"><mark style=\"background-color:rgba(0, 0, 0, 0);color:#7a0be9\" class=\"has-inline-color\"><strong>Fiche d&rsquo;argument sur la nutrition des plantes<\/strong><\/mark><\/a><\/td><\/tr><tr><td class=\"has-text-align-center\" data-align=\"center\"><a href=\"https:\/\/docs.google.com\/document\/d\/1vQJUYiPHc9ePxGuFVaEJAbE7KPbylSBg\/edit?usp=drive_link&amp;ouid=114615461440811808075&amp;rtpof=true&amp;sd=true\"><mark style=\"background-color:rgba(0, 0, 0, 0);color:#7a0be9\" class=\"has-inline-color\"><strong>Fiche d&rsquo;argument sur l&rsquo;adaptation des plantes face aux contraintes de l&rsquo;environnement<\/strong><\/mark><\/a><\/td><\/tr><\/tbody><\/table><\/figure>\n\n\n\n<p><\/p>\n\n\n\n<p><a href=\"https:\/\/drive.google.com\/file\/d\/1uhEXjCXDXo4Bxj3qs_WX5IzChZx3Y2pR\/view?usp=drive_link\">Exemples de plans de cours<\/a><\/p>\n\n\n\n<p><\/p>\n\n\n\n<p><strong><em><a href=\"https:\/\/drive.google.com\/drive\/folders\/15cApEL3Te8sYqO9MsIIAxVGwLyeAmQ0i?usp=drive_link\"><mark style=\"background-color:rgba(0, 0, 0, 0);color:#4e1275\" class=\"has-inline-color\">CORRECTION DES QUESTIONS ET DES NOTIONS<\/mark><\/a><\/em><\/strong><\/p>\n\n\n\n<p><strong><em><a href=\"https:\/\/drive.google.com\/drive\/folders\/1UX6TjmJ-jFZPDBA8acog3zJpitGeFdJI?usp=drive_link\"><mark style=\"background-color:rgba(0, 0, 0, 0);color:#100cdd\" class=\"has-inline-color\">ACCES AUX COURS<\/mark><\/a><\/em><\/strong><\/p>\n<\/div><\/div>\n\n\n\n<div class=\"wp-block-cover is-light\" style=\"min-height:281px;aspect-ratio:unset;\"><span aria-hidden=\"true\" class=\"wp-block-cover__background has-background-dim\" style=\"background-color:#FFF\"><\/span><div class=\"wp-block-cover__inner-container has-global-padding is-layout-constrained wp-block-cover-is-layout-constrained\">\n<p class=\"has-text-align-center has-large-font-size\"><mark style=\"background-color:rgba(0, 0, 0, 0);color:#c90808\" class=\"has-inline-color\">Les fonctions de reproduction chez les Angiospermes<\/mark><\/p>\n\n\n\n<p><a href=\"https:\/\/drive.google.com\/file\/d\/1CRHo-gIvXwZaeJF9ZC94fq356fBp-VDk\/view?usp=drive_link\">1 &#8211; Les modes de pollinisation des fleurs<\/a><\/p>\n\n\n\n<p><a href=\"https:\/\/drive.google.com\/drive\/folders\/1CdDxFSYWRNTDFsRyt99c8LwcYvuE2Tjs?usp=drive_link\">Dossier des photos de pollen pour les mesures<\/a><\/p>\n\n\n\n<p><a href=\"https:\/\/drive.google.com\/file\/d\/1llVICLYvXbcYqglI1tb63Tf4m8oXX2PY\/view?usp=drive_link\">2 &#8211; Vid\u00e9o animation sur la double f\u00e9condation<\/a><\/p>\n\n\n\n<p><a href=\"https:\/\/drive.google.com\/file\/d\/1T2jygWy-h3RTwTY6uN4hTdjbZ0llM3JB\/view?usp=drive_link\">3a &#8211; R\u00f4les des anthocyanes dans la reproduction<\/a><\/p>\n\n\n\n<p><a href=\"https:\/\/drive.google.com\/file\/d\/1ClM5xHlg3jtBODiyARnmh_GYSRXgCSRh\/view?usp=drive_link\">3b &#8211; Vid\u00e9o sur les anthocyanes<\/a><\/p>\n\n\n\n<p><a href=\"https:\/\/drive.google.com\/file\/d\/1ycmw9WNk3bMhzcvavxX3Pipx57IsXnl3\/view?usp=drive_link\">4a &#8211; Germination et mobilisation des r\u00e9serves de la graine<\/a><\/p>\n\n\n\n<p><a href=\"https:\/\/drive.google.com\/file\/d\/1c2ilthIO-rcpTmgzuu08yAUtJgkdkV_a\/view?usp=drive_link\">4b &#8211; Vid\u00e9o du TP germination<\/a><\/p>\n\n\n\n<p><a href=\"https:\/\/drive.google.com\/file\/d\/1IZACbjngfbBUD9SvQAerXgnp5_McwBmc\/view?usp=drive_link\">5a &#8211; La reproduction asexu\u00e9e chez les Angiospermes<\/a><\/p>\n\n\n\n<p><a href=\"https:\/\/drive.google.com\/file\/d\/1ZX9p5TGUHTkubGsVwjxEqaH3G0TY2_SI\/view?usp=drive_link\">5b &#8211; Vid\u00e9o sur la reproduction asexu\u00e9e<\/a><\/p>\n\n\n\n<p><\/p>\n\n\n\n<p><em><strong><a href=\"https:\/\/drive.google.com\/drive\/folders\/1McA7IRYWDFO6UXJHKkif4RPzRRkGGoQJ?usp=drive_link\"><mark style=\"background-color:rgba(0, 0, 0, 0);color:#4e1275\" class=\"has-inline-color\">CORRECTION DES TP<\/mark><\/a><\/strong><\/em><\/p>\n<\/div><\/div>\n\n\n\n<div class=\"wp-block-cover is-light\" style=\"min-height:281px;aspect-ratio:unset;\"><span aria-hidden=\"true\" class=\"wp-block-cover__background has-background-dim\" style=\"background-color:#FFF\"><\/span><div class=\"wp-block-cover__inner-container has-global-padding is-layout-constrained wp-block-cover-is-layout-constrained\">\n<p class=\"has-text-align-center has-large-font-size\"><mark style=\"background-color:rgba(0, 0, 0, 0);color:#c90808\" class=\"has-inline-color\">Les fonctions de nutrition chez les Angiospermes<\/mark><\/p>\n\n\n\n<p><a href=\"https:\/\/learningapps.org\/watch?v=pi5x03rz320\">1 &#8211; Rappel sur la nutrition des v\u00e9g\u00e9taux<\/a><\/p>\n\n\n\n<p><a href=\"https:\/\/drive.google.com\/file\/d\/15pQ5esl672tOzxy53CAubUScGIC7xhWQ\/view?usp=drive_link\">2a &#8211; TP les organes chlorophylliens, organes indispensables \u00e0 la photosynth\u00e8se<\/a><\/p>\n\n\n\n<p><a href=\"https:\/\/drive.google.com\/file\/d\/11nvb6qtoiRIwZRCU5Sb2byvTs_bZbXh9\/view?usp=drive_link\">2b &#8211; Vid\u00e9o sur la r\u00e9alisation d&rsquo;une coupe transversale<\/a><\/p>\n\n\n\n<p><a href=\"https:\/\/drive.google.com\/file\/d\/163XTMPbC4qDcckSfgABMEmbVsKOyQPlE\/view?usp=drive_link\">3 &#8211; TP sur la longueur d&rsquo;onde du spectre d&rsquo;action<\/a><\/p>\n\n\n\n<p><a href=\"https:\/\/drive.google.com\/file\/d\/1bwkEfoeo88cDxCtEdreAe9g23XJ-IGtM\/view?usp=drive_link\">4 &#8211; Vid\u00e9o sur les r\u00f4les des produits de la photosynth\u00e8se<\/a><\/p>\n\n\n\n<p><a href=\"https:\/\/drive.google.com\/file\/d\/1Yua7TZ_aF7Gz3rm00N4SDIf-LIwX9Qle\/view?usp=sharing\">5a &#8211; TP sur les tanins et les huiles essentielles<\/a><\/p>\n\n\n\n<p><a href=\"https:\/\/drive.google.com\/file\/d\/1FuOWG1kZvkC8ZYbpOv1Xesuo_ispgqGy\/view?usp=drive_link\">5b &#8211; Vid\u00e9o sur la manipulation de l&rsquo;huile essentielle de thym<\/a><\/p>\n\n\n\n<p>6 &#8211; TP R\u00f4les des tanins et des anthocyanes dans les grains de raisin : <\/p>\n\n\n\n<figure class=\"wp-block-table is-style-regular\"><table class=\"has-fixed-layout\"><tbody><tr><td class=\"has-text-align-center\" data-align=\"center\"><strong>&nbsp;Consignes et protocoles \u00e0 suivre<\/strong><\/td><td class=\"has-text-align-center\" data-align=\"center\"><strong>&nbsp;Ressources compl\u00e9mentaires<\/strong><\/td><\/tr><tr><td class=\"has-text-align-center\" data-align=\"center\"><a href=\"https:\/\/drive.google.com\/file\/d\/18mJRYgoPalwKtoEuj8jm2lcCnjUYt1g4\/view?usp=sharing\">TP tanins et anthocyanes dans les grains de raisin<\/a><\/td><td class=\"has-text-align-center\" data-align=\"center\"><a href=\"https:\/\/drive.google.com\/file\/d\/1eHOHzKbvQQ5UVYhVHmWQeEAuXUjP-To5\/view?usp=sharing\">Ressource compl\u00e9mentaire n\u00b01<\/a><\/td><\/tr><tr><td class=\"has-text-align-center\" data-align=\"center\"><a href=\"https:\/\/drive.google.com\/file\/d\/1x0q1laRgWqYd67Lj5VZsUVpkTO-4Cpd2\/view?usp=drive_link\">Protocole n\u00b02<\/a><\/td><td class=\"has-text-align-center\" data-align=\"center\"><a href=\"https:\/\/drive.google.com\/file\/d\/1X25712GshRFPk3Da7w-7oudFdymVpwe1\/view?usp=drive_link\">Ressource compl\u00e9mentaire n\u00b02<\/a><\/td><\/tr><\/tbody><\/table><\/figure>\n\n\n\n<p><\/p>\n\n\n\n<p><em><strong><a href=\"https:\/\/drive.google.com\/drive\/folders\/1zJRsviuBVuGlBR6QIYc3oYql4PtgVQOL?usp=drive_link\"><mark style=\"background-color:rgba(0, 0, 0, 0);color:#4e1275\" class=\"has-inline-color\">CORRECTION DES TP<\/mark><\/a><\/strong><\/em><\/p>\n<\/div><\/div>\n\n\n\n<div class=\"wp-block-cover is-light\" style=\"min-height:281px;aspect-ratio:unset;\"><span aria-hidden=\"true\" class=\"wp-block-cover__background has-background-dim\" style=\"background-color:#FFF\"><\/span><div class=\"wp-block-cover__inner-container has-global-padding is-layout-constrained wp-block-cover-is-layout-constrained\">\n<p class=\"has-text-align-center has-large-font-size\"><mark style=\"background-color:rgba(0, 0, 0, 0);color:#c90808\" class=\"has-inline-color\">Les adaptations des Angiospermes face aux contraintes de l&rsquo;environnement<\/mark><\/p>\n\n\n\n<p><a href=\"https:\/\/drive.google.com\/file\/d\/1w1sascPo__5CLwdL5iBqf-e0Ef-0c86D\/view?usp=drive_link\">1a &#8211; TP sur la r\u00e9gulation de la perte d&rsquo;eau chez les v\u00e9g\u00e9taux<\/a><\/p>\n\n\n\n<p><a href=\"https:\/\/drive.google.com\/file\/d\/1oTDaa_Fa9iDN-3GxAhMgTPh518cEiDAf\/view?usp=drive_link\">1b &#8211; Protocole d\u00e9taill\u00e9 du TP<\/a><\/p>\n\n\n\n<p><a href=\"https:\/\/drive.google.com\/drive\/folders\/1P3c0AKC8zOYxQG67nztGaEXFAWnZtx5d?usp=drive_link\">Documents de secours sur les stomates<\/a><\/p>\n\n\n\n<p><a href=\"https:\/\/drive.google.com\/file\/d\/16l_HutppnLMu3JDHj_Si5NgwZVFgOy_V\/view?usp=drive_link\">2 &#8211; TP observation microscopique des mol\u00e9cules de r\u00e9serves et poils absorbants<\/a><\/p>\n\n\n\n<p><a href=\"https:\/\/drive.google.com\/file\/d\/1vXHw-EmFFuOS8Zcud0E6HWx-fcIdTyTS\/view?usp=drive_link\">3 &#8211; Vid\u00e9o sur le contr\u00f4le du d\u00e9veloppement des plantes<\/a><\/p>\n\n\n\n<p><a href=\"https:\/\/drive.google.com\/file\/d\/19bY8T9GiA43hzRco4z4P7mmlULBFkhVr\/view?usp=drive_link\">4 &#8211; TP sur la croissance et la diff\u00e9renciation<\/a><\/p>\n\n\n\n<p><a href=\"https:\/\/drive.google.com\/file\/d\/170RaSfA0Ya4az94sBkge82jqHR7y622U\/view?usp=drive_link\">TP sur les tissus conducteurs<\/a><\/p>\n\n\n\n<p><\/p>\n\n\n\n<p><em><strong><a href=\"https:\/\/drive.google.com\/drive\/folders\/18sPN_eD5X3-uxmq3Q9k7C5yIOquX6ym-?usp=drive_link\"><mark style=\"background-color:rgba(0, 0, 0, 0);color:#4e1275\" class=\"has-inline-color\">CORRECTION DES TP<\/mark><\/a><\/strong><\/em><\/p>\n<\/div><\/div>\n\n\n\n<div class=\"wp-block-cover is-light\" style=\"min-height:281px;aspect-ratio:unset;\"><span aria-hidden=\"true\" class=\"wp-block-cover__background has-background-dim\" style=\"background-color:#FFF\"><\/span><div class=\"wp-block-cover__inner-container has-global-padding is-layout-constrained wp-block-cover-is-layout-constrained\">\n<p class=\"has-text-align-center has-large-font-size\"><mark style=\"background-color:rgba(0, 0, 0, 0);color:#c90808\" class=\"has-inline-color\">La domestication des plantes<\/mark><\/p>\n\n\n\n<p><a href=\"https:\/\/drive.google.com\/file\/d\/1mKi1R53nbXosWEgWs6XSx_BhKls8l5Ia\/view?usp=drive_link\">Consignes pour r\u00e9pondre \u00e0 la question<\/a><\/p>\n\n\n\n<p><a href=\"https:\/\/drive.google.com\/file\/d\/1vNCbIEzl-0NjFr9-6YutQeexjpMUgfu6\/view?usp=drive_link\">RESSOURCES sur la domestication des plantes<\/a><\/p>\n\n\n\n<p><a href=\"https:\/\/drive.google.com\/file\/d\/1k8eWiGINJ-NsgXozsoePBh8Y3hWmdqVC\/view?usp=drive_link\">Co\u00e9volution et mutualisme<\/a><\/p>\n\n\n\n<p><\/p>\n\n\n\n<p><strong><em><a href=\"https:\/\/drive.google.com\/drive\/folders\/1gcMto904zxwDadw80N4wMNHz3UgSZkLv?usp=drive_link\"><mark style=\"background-color:rgba(0, 0, 0, 0);color:#100cdd\" class=\"has-inline-color\">ACCES AU COURS<\/mark><\/a><\/em><\/strong><\/p>\n<\/div><\/div>\n","protected":false},"excerpt":{"rendered":"","protected":false},"author":1,"featured_media":0,"parent":0,"menu_order":3,"comment_status":"closed","ping_status":"closed","template":"","meta":{"footnotes":""},"class_list":["post-65","page","type-page","status-publish","hentry"],"_links":{"self":[{"href":"https:\/\/svtasset.fr\/index.php\/wp-json\/wp\/v2\/pages\/65","targetHints":{"allow":["GET"]}}],"collection":[{"href":"https:\/\/svtasset.fr\/index.php\/wp-json\/wp\/v2\/pages"}],"about":[{"href":"https:\/\/svtasset.fr\/index.php\/wp-json\/wp\/v2\/types\/page"}],"author":[{"embeddable":true,"href":"https:\/\/svtasset.fr\/index.php\/wp-json\/wp\/v2\/users\/1"}],"replies":[{"embeddable":true,"href":"https:\/\/svtasset.fr\/index.php\/wp-json\/wp\/v2\/comments?post=65"}],"version-history":[{"count":28,"href":"https:\/\/svtasset.fr\/index.php\/wp-json\/wp\/v2\/pages\/65\/revisions"}],"predecessor-version":[{"id":368,"href":"https:\/\/svtasset.fr\/index.php\/wp-json\/wp\/v2\/pages\/65\/revisions\/368"}],"wp:attachment":[{"href":"https:\/\/svtasset.fr\/index.php\/wp-json\/wp\/v2\/media?parent=65"}],"curies":[{"name":"wp","href":"https:\/\/api.w.org\/{rel}","templated":true}]}}